{"id":1156,"date":"2018-06-11T16:59:02","date_gmt":"2018-06-11T14:59:02","guid":{"rendered":"http:\/\/www.italfil.it\/?post_type=product&#038;p=1156"},"modified":"2018-06-18T16:20:06","modified_gmt":"2018-06-18T14:20:06","slug":"carrello-portacesti-stefy","status":"publish","type":"product","link":"https:\/\/www.italfil.it\/it\/prodotto\/carrello-portacesti-stefy\/","title":{"rendered":"Carrello portacesti &#8220;STEFY&#8221;"},"content":{"rendered":"<p>\u00c8 un carrello di nuova concezione creato per venire incontro alle esigenze<br \/>\ndei punti vendita con spazio ridotto e per il completamento della gamma d&#8217;offerta<br \/>\nnella mobilit\u00e0 interna in Supermercati e Ipermercati.<br \/>\nOgni cesto ha una capacit\u00e0 di carico di 33 Lt. che rende il carrello paragonabile ad un piccolo carrello da supermercato ma con una maneggevolezza di gran lunga superiore.<\/p>\n<p>I cesti in plastica possono essere staccati e riposizionati sul carrello in metallo con<br \/>\nestrema facilit\u00e0 mentre le quattro ruote girevoli assicurano una versatilit\u00e0 eccecionale nella manovrabilit\u00e0 e un&#8217;elevata stabilit\u00e0.<\/p>\n<p>Una volta staccati i cesti i carrelli sono imbottigliati l&#8217;uno con l&#8217;altro diminuendo ulteriormente lo spazio occupato all&#8217;interno del punto vendita.<\/p>\n","protected":false},"excerpt":{"rendered":"<p><strong>Codice: B69.10.41<\/strong><\/p>\n<p>Portata in Kg. 100<br \/>\nPeso in Kg. 7<br \/>\nFinitura: Verniciatura<br \/>\nDimensioni esterne in mm. W 520 x D 600 x H 1060<br \/>\nRuote, diametro in mm. 80 gomma<\/p>\n<p>Opzioni<\/p>\n<ul>\n<li>Ruote con freno<\/li>\n<li>Cesti plastica<\/li>\n<\/ul>\n","protected":false},"featured_media":1238,"template":"","meta":[],"product_cat":[73,58],"product_tag":[],"yoast_head":"<!-- This site is optimized with the Yoast SEO plugin v18.2 - https:\/\/yoast.com\/wordpress\/plugins\/seo\/ -->\n<title>Carrello portacesti &quot;STEFY&quot; | Italfil<\/title>\n<meta name=\"robots\" content=\"index, follow, max-snippet:-1, max-image-preview:large, max-video-preview:-1\" \/>\n<link rel=\"canonical\" href=\"https:\/\/www.italfil.it\/it\/prodotto\/carrello-portacesti-stefy\/\" \/>\n<meta property=\"og:locale\" content=\"it_IT\" \/>\n<meta property=\"og:type\" content=\"article\" \/>\n<meta property=\"og:title\" content=\"Carrello portacesti &quot;STEFY&quot; | Italfil\" \/>\n<meta property=\"og:url\" content=\"https:\/\/www.italfil.it\/it\/prodotto\/carrello-portacesti-stefy\/\" \/>\n<meta property=\"og:site_name\" content=\"Italfil\" \/>\n<meta property=\"article:publisher\" content=\"https:\/\/www.facebook.com\/italfil\/\" \/>\n<meta property=\"article:modified_time\" content=\"2018-06-18T14:20:06+00:00\" \/>\n<meta property=\"og:image\" content=\"https:\/\/www.italfil.it\/wp-content\/uploads\/2018\/06\/Img0093-Carrello-Stefy-cod.B69-scaled.jpg\" \/>\n\t<meta property=\"og:image:width\" content=\"1709\" \/>\n\t<meta property=\"og:image:height\" content=\"2560\" \/>\n\t<meta property=\"og:image:type\" content=\"image\/jpeg\" \/>\n<meta name=\"twitter:card\" content=\"summary_large_image\" \/>\n<meta name=\"twitter:label1\" content=\"Tempo di lettura stimato\" \/>\n\t<meta name=\"twitter:data1\" content=\"1 minuto\" \/>\n<script type=\"application\/ld+json\" class=\"yoast-schema-graph\">{\"@context\":\"https:\/\/schema.org\",\"@graph\":[{\"@type\":\"Organization\",\"@id\":\"https:\/\/www.italfil.it\/de\/#organization\",\"name\":\"Italfil\",\"url\":\"https:\/\/www.italfil.it\/de\/\",\"sameAs\":[\"https:\/\/www.facebook.com\/italfil\/\",\"https:\/\/www.instagram.com\/italfil_italia\/\"],\"logo\":{\"@type\":\"ImageObject\",\"@id\":\"https:\/\/www.italfil.it\/de\/#logo\",\"inLanguage\":\"it-IT\",\"url\":\"https:\/\/www.italfil.it\/wp-content\/uploads\/2018\/06\/italfil-marchio-bandiera.png\",\"contentUrl\":\"https:\/\/www.italfil.it\/wp-content\/uploads\/2018\/06\/italfil-marchio-bandiera.png\",\"width\":1036,\"height\":1010,\"caption\":\"Italfil\"},\"image\":{\"@id\":\"https:\/\/www.italfil.it\/de\/#logo\"}},{\"@type\":\"WebSite\",\"@id\":\"https:\/\/www.italfil.it\/de\/#website\",\"url\":\"https:\/\/www.italfil.it\/de\/\",\"name\":\"Italfil\",\"description\":\"Realt\u00e0 in movimento\",\"publisher\":{\"@id\":\"https:\/\/www.italfil.it\/de\/#organization\"},\"potentialAction\":[{\"@type\":\"SearchAction\",\"target\":{\"@type\":\"EntryPoint\",\"urlTemplate\":\"https:\/\/www.italfil.it\/de\/?s={search_term_string}\"},\"query-input\":\"required name=search_term_string\"}],\"inLanguage\":\"it-IT\"},{\"@type\":\"ImageObject\",\"@id\":\"https:\/\/www.italfil.it\/it\/prodotto\/carrello-portacesti-stefy\/#primaryimage\",\"inLanguage\":\"it-IT\",\"url\":\"https:\/\/www.italfil.it\/wp-content\/uploads\/2018\/06\/Img0093-Carrello-Stefy-cod.B69-scaled.jpg\",\"contentUrl\":\"https:\/\/www.italfil.it\/wp-content\/uploads\/2018\/06\/Img0093-Carrello-Stefy-cod.B69-scaled.jpg\",\"width\":1709,\"height\":2560},{\"@type\":\"WebPage\",\"@id\":\"https:\/\/www.italfil.it\/it\/prodotto\/carrello-portacesti-stefy\/#webpage\",\"url\":\"https:\/\/www.italfil.it\/it\/prodotto\/carrello-portacesti-stefy\/\",\"name\":\"Carrello portacesti \\\"STEFY\\\" | Italfil\",\"isPartOf\":{\"@id\":\"https:\/\/www.italfil.it\/de\/#website\"},\"primaryImageOfPage\":{\"@id\":\"https:\/\/www.italfil.it\/it\/prodotto\/carrello-portacesti-stefy\/#primaryimage\"},\"datePublished\":\"2018-06-11T14:59:02+00:00\",\"dateModified\":\"2018-06-18T14:20:06+00:00\",\"breadcrumb\":{\"@id\":\"https:\/\/www.italfil.it\/it\/prodotto\/carrello-portacesti-stefy\/#breadcrumb\"},\"inLanguage\":\"it-IT\",\"potentialAction\":[{\"@type\":\"ReadAction\",\"target\":[\"https:\/\/www.italfil.it\/it\/prodotto\/carrello-portacesti-stefy\/\"]}]},{\"@type\":\"BreadcrumbList\",\"@id\":\"https:\/\/www.italfil.it\/it\/prodotto\/carrello-portacesti-stefy\/#breadcrumb\",\"itemListElement\":[{\"@type\":\"ListItem\",\"position\":1,\"name\":\"Home\",\"item\":\"https:\/\/www.italfil.it\/it\/\"},{\"@type\":\"ListItem\",\"position\":2,\"name\":\"Prodotti\",\"item\":\"https:\/\/www.italfil.it\/it\/prodotti\/\"},{\"@type\":\"ListItem\",\"position\":3,\"name\":\"Carrello portacesti &#8220;STEFY&#8221;\"}]}]}<\/script>\n<!-- \/ Yoast SEO plugin. -->","yoast_head_json":{"title":"Carrello portacesti \"STEFY\" | Italfil","robots":{"index":"index","follow":"follow","max-snippet":"max-snippet:-1","max-image-preview":"max-image-preview:large","max-video-preview":"max-video-preview:-1"},"canonical":"https:\/\/www.italfil.it\/it\/prodotto\/carrello-portacesti-stefy\/","og_locale":"it_IT","og_type":"article","og_title":"Carrello portacesti \"STEFY\" | Italfil","og_url":"https:\/\/www.italfil.it\/it\/prodotto\/carrello-portacesti-stefy\/","og_site_name":"Italfil","article_publisher":"https:\/\/www.facebook.com\/italfil\/","article_modified_time":"2018-06-18T14:20:06+00:00","og_image":[{"width":1709,"height":2560,"url":"https:\/\/www.italfil.it\/wp-content\/uploads\/2018\/06\/Img0093-Carrello-Stefy-cod.B69-scaled.jpg","type":"image\/jpeg"}],"twitter_card":"summary_large_image","twitter_misc":{"Tempo di lettura stimato":"1 minuto"},"schema":{"@context":"https:\/\/schema.org","@graph":[{"@type":"Organization","@id":"https:\/\/www.italfil.it\/de\/#organization","name":"Italfil","url":"https:\/\/www.italfil.it\/de\/","sameAs":["https:\/\/www.facebook.com\/italfil\/","https:\/\/www.instagram.com\/italfil_italia\/"],"logo":{"@type":"ImageObject","@id":"https:\/\/www.italfil.it\/de\/#logo","inLanguage":"it-IT","url":"https:\/\/www.italfil.it\/wp-content\/uploads\/2018\/06\/italfil-marchio-bandiera.png","contentUrl":"https:\/\/www.italfil.it\/wp-content\/uploads\/2018\/06\/italfil-marchio-bandiera.png","width":1036,"height":1010,"caption":"Italfil"},"image":{"@id":"https:\/\/www.italfil.it\/de\/#logo"}},{"@type":"WebSite","@id":"https:\/\/www.italfil.it\/de\/#website","url":"https:\/\/www.italfil.it\/de\/","name":"Italfil","description":"Realt\u00e0 in movimento","publisher":{"@id":"https:\/\/www.italfil.it\/de\/#organization"},"potentialAction":[{"@type":"SearchAction","target":{"@type":"EntryPoint","urlTemplate":"https:\/\/www.italfil.it\/de\/?s={search_term_string}"},"query-input":"required name=search_term_string"}],"inLanguage":"it-IT"},{"@type":"ImageObject","@id":"https:\/\/www.italfil.it\/it\/prodotto\/carrello-portacesti-stefy\/#primaryimage","inLanguage":"it-IT","url":"https:\/\/www.italfil.it\/wp-content\/uploads\/2018\/06\/Img0093-Carrello-Stefy-cod.B69-scaled.jpg","contentUrl":"https:\/\/www.italfil.it\/wp-content\/uploads\/2018\/06\/Img0093-Carrello-Stefy-cod.B69-scaled.jpg","width":1709,"height":2560},{"@type":"WebPage","@id":"https:\/\/www.italfil.it\/it\/prodotto\/carrello-portacesti-stefy\/#webpage","url":"https:\/\/www.italfil.it\/it\/prodotto\/carrello-portacesti-stefy\/","name":"Carrello portacesti \"STEFY\" | Italfil","isPartOf":{"@id":"https:\/\/www.italfil.it\/de\/#website"},"primaryImageOfPage":{"@id":"https:\/\/www.italfil.it\/it\/prodotto\/carrello-portacesti-stefy\/#primaryimage"},"datePublished":"2018-06-11T14:59:02+00:00","dateModified":"2018-06-18T14:20:06+00:00","breadcrumb":{"@id":"https:\/\/www.italfil.it\/it\/prodotto\/carrello-portacesti-stefy\/#breadcrumb"},"inLanguage":"it-IT","potentialAction":[{"@type":"ReadAction","target":["https:\/\/www.italfil.it\/it\/prodotto\/carrello-portacesti-stefy\/"]}]},{"@type":"BreadcrumbList","@id":"https:\/\/www.italfil.it\/it\/prodotto\/carrello-portacesti-stefy\/#breadcrumb","itemListElement":[{"@type":"ListItem","position":1,"name":"Home","item":"https:\/\/www.italfil.it\/it\/"},{"@type":"ListItem","position":2,"name":"Prodotti","item":"https:\/\/www.italfil.it\/it\/prodotti\/"},{"@type":"ListItem","position":3,"name":"Carrello portacesti &#8220;STEFY&#8221;"}]}]}},"_links":{"self":[{"href":"https:\/\/www.italfil.it\/it\/wp-json\/wp\/v2\/product\/1156"}],"collection":[{"href":"https:\/\/www.italfil.it\/it\/wp-json\/wp\/v2\/product"}],"about":[{"href":"https:\/\/www.italfil.it\/it\/wp-json\/wp\/v2\/types\/product"}],"wp:featuredmedia":[{"embeddable":true,"href":"https:\/\/www.italfil.it\/it\/wp-json\/wp\/v2\/media\/1238"}],"wp:attachment":[{"href":"https:\/\/www.italfil.it\/it\/wp-json\/wp\/v2\/media?parent=1156"}],"wp:term":[{"taxonomy":"product_cat","embeddable":true,"href":"https:\/\/www.italfil.it\/it\/wp-json\/wp\/v2\/product_cat?post=1156"},{"taxonomy":"product_tag","embeddable":true,"href":"https:\/\/www.italfil.it\/it\/wp-json\/wp\/v2\/product_tag?post=1156"}],"curies":[{"name":"wp","href":"https:\/\/api.w.org\/{rel}","templated":true}]}}

<p>È un carrello di nuova concezione creato per venire incontro alle esigenze<br />
dei punti vendita con spazio ridotto e per il completamento della gamma d&#8217;offerta<br />
nella mobilità interna in Supermercati e Ipermercati.<br />
Ogni cesto ha una capacità di carico di 33 Lt. che rende il carrello paragonabile ad un piccolo carrello da supermercato ma con una maneggevolezza di gran lunga superiore.</p>
<p>I cesti in plastica possono essere staccati e riposizionati sul carrello in metallo con<br />
estrema facilità mentre le quattro ruote girevoli assicurano una versatilità eccecionale nella manovrabilità e un&#8217;elevata stabilità.</p>
<p>Una volta staccati i cesti i carrelli sono imbottigliati l&#8217;uno con l&#8217;altro diminuendo ulteriormente lo spazio occupato all&#8217;interno del punto vendita.</p>

<!-- This site is optimized with the Yoast SEO plugin v18.2 - https://yoast.com/wordpress/plugins/seo/ -->
<title>Carrello portacesti &quot;STEFY&quot; | Italfil</title>
<meta name="robots" content="index, follow, max-snippet:-1, max-image-preview:large, max-video-preview:-1" />
<link rel="canonical" href="https://www.italfil.it/it/prodotto/carrello-portacesti-stefy/" />
<meta property="og:locale" content="it_IT" />
<meta property="og:type" content="article" />
<meta property="og:title" content="Carrello portacesti &quot;STEFY&quot; | Italfil" />
<meta property="og:url" content="https://www.italfil.it/it/prodotto/carrello-portacesti-stefy/" />
<meta property="og:site_name" content="Italfil" />
<meta property="article:publisher" content="https://www.facebook.com/italfil/" />
<meta property="article:modified_time" content="2018-06-18T14:20:06+00:00" />
<meta property="og:image" content="https://www.italfil.it/wp-content/uploads/2018/06/Img0093-Carrello-Stefy-cod.B69-scaled.jpg" />
	<meta property="og:image:width" content="1709" />
	<meta property="og:image:height" content="2560" />
	<meta property="og:image:type" content="image/jpeg" />
<meta name="twitter:card" content="summary_large_image" />
<meta name="twitter:label1" content="Tempo di lettura stimato" />
	<meta name="twitter:data1" content="1 minuto" />
<script type="application/ld+json" class="yoast-schema-graph">{"@context":"https://schema.org","@graph":[{"@type":"Organization","@id":"https://www.italfil.it/de/#organization","name":"Italfil","url":"https://www.italfil.it/de/","sameAs":["https://www.facebook.com/italfil/","https://www.instagram.com/italfil_italia/"],"logo":{"@type":"ImageObject","@id":"https://www.italfil.it/de/#logo","inLanguage":"it-IT","url":"https://www.italfil.it/wp-content/uploads/2018/06/italfil-marchio-bandiera.png","contentUrl":"https://www.italfil.it/wp-content/uploads/2018/06/italfil-marchio-bandiera.png","width":1036,"height":1010,"caption":"Italfil"},"image":{"@id":"https://www.italfil.it/de/#logo"}},{"@type":"WebSite","@id":"https://www.italfil.it/de/#website","url":"https://www.italfil.it/de/","name":"Italfil","description":"Realtà in movimento","publisher":{"@id":"https://www.italfil.it/de/#organization"},"potentialAction":[{"@type":"SearchAction","target":{"@type":"EntryPoint","urlTemplate":"https://www.italfil.it/de/?s={search_term_string}"},"query-input":"required name=search_term_string"}],"inLanguage":"it-IT"},{"@type":"ImageObject","@id":"https://www.italfil.it/it/prodotto/carrello-portacesti-stefy/#primaryimage","inLanguage":"it-IT","url":"https://www.italfil.it/wp-content/uploads/2018/06/Img0093-Carrello-Stefy-cod.B69-scaled.jpg","contentUrl":"https://www.italfil.it/wp-content/uploads/2018/06/Img0093-Carrello-Stefy-cod.B69-scaled.jpg","width":1709,"height":2560},{"@type":"WebPage","@id":"https://www.italfil.it/it/prodotto/carrello-portacesti-stefy/#webpage","url":"https://www.italfil.it/it/prodotto/carrello-portacesti-stefy/","name":"Carrello portacesti \"STEFY\" | Italfil","isPartOf":{"@id":"https://www.italfil.it/de/#website"},"primaryImageOfPage":{"@id":"https://www.italfil.it/it/prodotto/carrello-portacesti-stefy/#primaryimage"},"datePublished":"2018-06-11T14:59:02+00:00","dateModified":"2018-06-18T14:20:06+00:00","breadcrumb":{"@id":"https://www.italfil.it/it/prodotto/carrello-portacesti-stefy/#breadcrumb"},"inLanguage":"it-IT","potentialAction":[{"@type":"ReadAction","target":["https://www.italfil.it/it/prodotto/carrello-portacesti-stefy/"]}]},{"@type":"BreadcrumbList","@id":"https://www.italfil.it/it/prodotto/carrello-portacesti-stefy/#breadcrumb","itemListElement":[{"@type":"ListItem","position":1,"name":"Home","item":"https://www.italfil.it/it/"},{"@type":"ListItem","position":2,"name":"Prodotti","item":"https://www.italfil.it/it/prodotti/"},{"@type":"ListItem","position":3,"name":"Carrello portacesti &#8220;STEFY&#8221;"}]}]}</script>
<!-- / Yoast SEO plugin. -->

Realtà in movimento
